{"id":7404,"date":"2022-09-08T07:39:12","date_gmt":"2022-09-08T06:39:12","guid":{"rendered":"https:\/\/bestatterportal.ch\/standort\/famiglia-reese-gmbh\/"},"modified":"2025-12-22T15:04:49","modified_gmt":"2025-12-22T14:04:49","slug":"familie-reese-gmbh-munchenbuchsee","status":"publish","type":"standort","link":"https:\/\/bestatter.ch\/it\/posizione\/familie-reese-gmbh-munchenbuchsee\/","title":{"rendered":"Servizio funebre Famiglia Reese GmbH"},"content":{"rendered":"<p>Benvenuti alla Familie Reese GmbH. Nei momenti di dolore e di perdita, siamo al vostro fianco come partner affidabile. Siamo un team esperto e compassionevole di impresari funebri che far\u00e0 in modo che il funerale del tuo caro sia condotto con dignit\u00e0 e rispetto.<\/p>\n<p>Con noi puoi essere certo che tutto si svolger\u00e0 secondo i tuoi desideri e le tue aspettative. Ci prendiamo il tempo necessario per soddisfare le tue esigenze e siamo felici di consigliarti su tutti gli aspetti del funerale. Sappiamo che ogni persona \u00e8 unica e merita un addio personalizzato.  <\/p>\n<p>Se stai cercando un&#8217;impresa funebre affidabile ed esperta, sei nel posto giusto. Contattaci per una consulenza non vincolante in modo da poterti aiutare in questo momento difficile. <\/p>\n","protected":false},"author":6,"featured_media":17415,"parent":0,"template":"","categories":[],"tags":[],"class_list":["post-7404","standort","type-standort","status-publish","has-post-thumbnail","hentry"],"acf":{"entitats-id":"3219","adresse":{"zeile_1":"Bernstrasse 101","zeile_2":"","stadt":"M\u00fcnchenbuchsee","region":"BE","postleitzahl":"3053","iso-landercode":"CH"},"angebote":[{"titel":"Primo soccorso in caso di morte in casa.","symbol":"fas fa-home","beschreibung":"Primo soccorso in caso di morte in casa."},{"titel":"Consulenza per il lutto a casa tua o presso il nostro ufficio.","symbol":"fas fa-people-arrows","beschreibung":"Consulenza per il lutto a casa tua o presso il nostro ufficio."},{"titel":"Vestizione, cofanatura e trasferimento del defunto.","symbol":"fas fa-user-tie","beschreibung":"Vestizione, cofanatura e trasferimento del defunto."},{"titel":"Allestimento, su richiesta, di decorazioni con fiori e\/o candele.","symbol":"fas fa-seedling","beschreibung":"Allestimento, su richiesta, di decorazioni con fiori e\/o candele."},{"titel":"Completamento di tutte le formalit\u00e0 e visite alle autorit\u00e0.","symbol":"lontano fa-copia","beschreibung":"Completamento di tutte le formalit\u00e0 e visite alle autorit\u00e0."},{"titel":"Organizzazione di servizi funebri in tutte le aree.","symbol":"fas fa-glass-cheers","beschreibung":"Organizzazione di servizi funebri in tutte le aree."},{"titel":"Contatta il pastore responsabile o l'oratore funebre.","symbol":"fas fa-microphone-alt","beschreibung":"Contatta il pastore responsabile o l'oratore funebre."},{"titel":"Prenotazione della chiesa o della cappella.","symbol":"fas fa-church","beschreibung":"Prenotazione della chiesa o della cappella."},{"titel":"Organizzazione di una croce funeraria, di una lapide o di un'iscrizione.","symbol":"fas fa-cross","beschreibung":"Organizzazione di una croce funeraria, di una lapide o di un'iscrizione."},{"titel":"Decorazioni floreali al cimitero o in chiesa.","symbol":"fas fa-leaf","beschreibung":"Decorazioni floreali al cimitero o in chiesa."},{"titel":"Accompagnamento del servizio funebre con sepoltura o inumazione dell'urna.","symbol":"fas fa-database","beschreibung":"Accompagnamento del servizio funebre con sepoltura o inumazione dell'urna."},{"titel":"Composizione e stampa dei necrologi e dei ringraziamenti, nonch\u00e9 degli avvisi di morte sul giornale.","symbol":"fa-giornale lontano","beschreibung":"Composizione e stampa dei necrologi e dei ringraziamenti, nonch\u00e9 degli avvisi di morte sul giornale."},{"titel":"Trasferimento in patria e all'estero, oltre alla gestione delle formalit\u00e0 necessarie.","symbol":"fas fa-truck-moving","beschreibung":"Trasferimento in patria e all'estero, oltre alla gestione delle formalit\u00e0 necessarie."}],"telefon":"+41318696161","sprachen":[{"sprache":"Deutsch"},{"sprache":"English"}],"website-url":"https:\/\/reese-bestattungen.ch","fahigkeitsausweise":"Bestatter \/ Bestatterin mit eidgen\u00f6ssischem Fachausweis  Lorenz und Sarah Reese","gutesiegel":true,"lieferant":false,"bestattungsvorsorge":false,"ansprechperson":{"name":"Sarah Reese","telefonnummer":"031 869 61 61","e-mail":"bestattungsdienst.reese@bluewin.ch","bezeichnung":"Gesch\u00e4ftsinhaberin, Gesch\u00e4ftsleiterin, Bestatterin und Trauerrednerin","bestattungsvorsorge":false,"bild":false},"e-mails":[{"e-mail":"bestattungsdienst.reese@bluewin.ch"}],"lieferantenkategorien":false,"grundungsjahr":"1997","youtube-url":"","facebook-url":"","stadtkoordinaten":{"latitude":"47.021621","longitude":"7.450367"}},"_links":{"self":[{"href":"https:\/\/bestatter.ch\/it\/wp-json\/wp\/v2\/standort\/7404","targetHints":{"allow":["GET"]}}],"collection":[{"href":"https:\/\/bestatter.ch\/it\/wp-json\/wp\/v2\/standort"}],"about":[{"href":"https:\/\/bestatter.ch\/it\/wp-json\/wp\/v2\/types\/standort"}],"author":[{"embeddable":true,"href":"https:\/\/bestatter.ch\/it\/wp-json\/wp\/v2\/users\/6"}],"wp:featuredmedia":[{"embeddable":true,"href":"https:\/\/bestatter.ch\/it\/wp-json\/wp\/v2\/media\/17415"}],"wp:attachment":[{"href":"https:\/\/bestatter.ch\/it\/wp-json\/wp\/v2\/media?parent=7404"}],"wp:term":[{"taxonomy":"category","embeddable":true,"href":"https:\/\/bestatter.ch\/it\/wp-json\/wp\/v2\/categories?post=7404"},{"taxonomy":"post_tag","embeddable":true,"href":"https:\/\/bestatter.ch\/it\/wp-json\/wp\/v2\/tags?post=7404"}],"curies":[{"name":"wp","href":"https:\/\/api.w.org\/{rel}","templated":true}]}}

<p>Benvenuti alla Familie Reese GmbH. Nei momenti di dolore e di perdita, siamo al vostro fianco come partner affidabile. Siamo un team esperto e compassionevole di impresari funebri che farà in modo che il funerale del tuo caro sia condotto con dignità e rispetto.</p>
<p>Con noi puoi essere certo che tutto si svolgerà secondo i tuoi desideri e le tue aspettative. Ci prendiamo il tempo necessario per soddisfare le tue esigenze e siamo felici di consigliarti su tutti gli aspetti del funerale. Sappiamo che ogni persona è unica e merita un addio personalizzato.  </p>
<p>Se stai cercando un&#8217;impresa funebre affidabile ed esperta, sei nel posto giusto. Contattaci per una consulenza non vincolante in modo da poterti aiutare in questo momento difficile. </p>

Münchenbuchsee

Completamento di tutte le formalità e visite alle autorità.

Composizione e stampa dei necrologi e dei ringraziamenti, nonché degli avvisi di morte sul giornale.

Trasferimento in patria e all'estero, oltre alla gestione delle formalità necessarie.

Bestatter / Bestatterin mit eidgenössischem Fachausweis  Lorenz und Sarah Reese

Geschäftsinhaberin, Geschäftsleiterin, Bestatterin und Trauerrednerin
