{"id":7276,"date":"2022-09-08T07:39:20","date_gmt":"2022-09-08T06:39:20","guid":{"rendered":"https:\/\/bestatterportal.ch\/standort\/ruffieux-fils-sa\/"},"modified":"2026-01-09T11:20:39","modified_gmt":"2026-01-09T10:20:39","slug":"ruffieux-fils-sa-romont","status":"publish","type":"standort","link":"https:\/\/bestatter.ch\/it\/posizione\/ruffieux-fils-sa-romont\/","title":{"rendered":"Ruffieux &amp; Fils SA"},"content":{"rendered":"<p>L&#8217;impresa familiare Ruffieux et Fils di pompe funebri e monumenti funebri \u00e8 al servizio delle famiglie da oltre 45 anni.<br \/>\nVous \u00eates confront\u00e9s au deuil; nous sommes l\u00e0 pour vous, nous intervenons pour toutes confessions et en toutes r\u00e9gions; (Fribourg et Vaud, Gl\u00e2ne, Sarine, Veveyse, Gibloux, Gruy\u00e8re, Broye vaudoise et fribourgeoise) Organisation de Rapatriement de et vers la Suisse.<\/p>\n","protected":false},"author":6,"featured_media":16759,"parent":0,"template":"","categories":[],"tags":[],"class_list":["post-7276","standort","type-standort","status-publish","has-post-thumbnail","hentry"],"acf":{"entitats-id":"3315","adresse":{"zeile_1":"Impasse de la Maladaire 10","zeile_2":"","stadt":"Romont","region":"FR","postleitzahl":"1680","iso-landercode":"CH"},"telefon":"+41266529020","galerie":[{"ID":16763,"id":16763,"title":"2560x608","filename":"2560x608.avif","filesize":149205,"url":"https:\/\/bestatter.ch\/wp-content\/uploads\/2022\/09\/2560x608.avif","link":"https:\/\/bestatter.ch\/it\/posizione\/ruffieux-fils-sa-romont\/2560x608-2\/","alt":"","author":"0","description":"","caption":"","name":"2560x608-2","status":"inherit","uploaded_to":7276,"date":"2025-12-01 13:13:30","modified":"2025-12-01 13:13:30","menu_order":0,"mime_type":"image\/jpeg","type":"image","subtype":"jpeg","icon":"https:\/\/bestatter.ch\/wp-includes\/images\/media\/default.png","width":2560,"height":608,"sizes":{"thumbnail":"https:\/\/bestatter.ch\/wp-content\/uploads\/2022\/09\/2560x608-150x150.avif","thumbnail-width":150,"thumbnail-height":150,"medium":"https:\/\/bestatter.ch\/wp-content\/uploads\/2022\/09\/2560x608-300x71.avif","medium-width":300,"medium-height":71,"medium_large":"https:\/\/bestatter.ch\/wp-content\/uploads\/2022\/09\/2560x608-768x182.avif","medium_large-width":640,"medium_large-height":152,"large":"https:\/\/bestatter.ch\/wp-content\/uploads\/2022\/09\/2560x608-1024x243.avif","large-width":640,"large-height":152,"1536x1536":"https:\/\/bestatter.ch\/wp-content\/uploads\/2022\/09\/2560x608-1536x365.avif","1536x1536-width":1536,"1536x1536-height":365,"2048x2048":"https:\/\/bestatter.ch\/wp-content\/uploads\/2022\/09\/2560x608-2048x486.avif","2048x2048-width":2048,"2048x2048-height":486,"vp_sm":"https:\/\/bestatter.ch\/wp-content\/uploads\/2022\/09\/2560x608-500x119.avif","vp_sm-width":500,"vp_sm-height":119,"vp_md":"https:\/\/bestatter.ch\/wp-content\/uploads\/2022\/09\/2560x608-800x190.avif","vp_md-width":800,"vp_md-height":190,"vp_lg":"https:\/\/bestatter.ch\/wp-content\/uploads\/2022\/09\/2560x608-1280x304.avif","vp_lg-width":1280,"vp_lg-height":304,"vp_xl":"https:\/\/bestatter.ch\/wp-content\/uploads\/2022\/09\/2560x608-1920x456.avif","vp_xl-width":1920,"vp_xl-height":456,"vp_sm_popup":"https:\/\/bestatter.ch\/wp-content\/uploads\/2022\/09\/2560x608-500x119.avif","vp_sm_popup-width":500,"vp_sm_popup-height":119,"vp_md_popup":"https:\/\/bestatter.ch\/wp-content\/uploads\/2022\/09\/2560x608-800x190.avif","vp_md_popup-width":800,"vp_md_popup-height":190,"vp_xl_popup":"https:\/\/bestatter.ch\/wp-content\/uploads\/2022\/09\/2560x608-1920x456.avif","vp_xl_popup-width":1920,"vp_xl_popup-height":456}}],"sprachen":[{"sprache":"Fran\u00e7ais"}],"website-url":"https:\/\/pfruffieux.ch","fahigkeitsausweise":"Bestatter mit Eidgen\u00f6ssischem Fachausweis","gutesiegel":false,"lieferant":false,"bestattungsvorsorge":false,"ansprechperson":{"name":"","telefonnummer":"026 652 90 20","e-mail":"","bezeichnung":"","bestattungsvorsorge":false,"bild":false},"e-mails":[{"e-mail":"mehdi.ruffieux@pfruffieux.ch"}],"lieferantenkategorien":false,"grundungsjahr":"1977","youtube-url":"","facebook-url":"https:\/\/www.facebook.com\/pfr.ruffieux","stadtkoordinaten":{"latitude":"46.691887","longitude":"6.9118086"}},"_links":{"self":[{"href":"https:\/\/bestatter.ch\/it\/wp-json\/wp\/v2\/standort\/7276","targetHints":{"allow":["GET"]}}],"collection":[{"href":"https:\/\/bestatter.ch\/it\/wp-json\/wp\/v2\/standort"}],"about":[{"href":"https:\/\/bestatter.ch\/it\/wp-json\/wp\/v2\/types\/standort"}],"author":[{"embeddable":true,"href":"https:\/\/bestatter.ch\/it\/wp-json\/wp\/v2\/users\/6"}],"wp:featuredmedia":[{"embeddable":true,"href":"https:\/\/bestatter.ch\/it\/wp-json\/wp\/v2\/media\/16759"}],"wp:attachment":[{"href":"https:\/\/bestatter.ch\/it\/wp-json\/wp\/v2\/media?parent=7276"}],"wp:term":[{"taxonomy":"category","embeddable":true,"href":"https:\/\/bestatter.ch\/it\/wp-json\/wp\/v2\/categories?post=7276"},{"taxonomy":"post_tag","embeddable":true,"href":"https:\/\/bestatter.ch\/it\/wp-json\/wp\/v2\/tags?post=7276"}],"curies":[{"name":"wp","href":"https:\/\/api.w.org\/{rel}","templated":true}]}}

<p>L&#8217;impresa familiare Ruffieux et Fils di pompe funebri e monumenti funebri è al servizio delle famiglie da oltre 45 anni.<br />
Vous êtes confrontés au deuil; nous sommes là pour vous, nous intervenons pour toutes confessions et en toutes régions; (Fribourg et Vaud, Glâne, Sarine, Veveyse, Gibloux, Gruyère, Broye vaudoise et fribourgeoise) Organisation de Rapatriement de et vers la Suisse.</p>

Français

Bestatter mit Eidgenössischem Fachausweis
