{"id":12152,"date":"2024-01-15T10:41:43","date_gmt":"2024-01-15T09:41:43","guid":{"rendered":"https:\/\/bestatter.myls-staging.ch\/?post_type=standort&#038;p=12152"},"modified":"2025-12-18T07:25:05","modified_gmt":"2025-12-18T06:25:05","slug":"abbetti-ag-bestattungen-kirchberg","status":"publish","type":"standort","link":"https:\/\/bestatter.ch\/it\/posizione\/abbetti-ag-bestattungen-kirchberg\/","title":{"rendered":"Abbetti AG Funerali Kirchberg"},"content":{"rendered":"<p>Il nostro obiettivo \u00e8 quello di dare alle persone in lutto pi\u00f9 tempo e spazio per il loro dolore individuale. Sosteniamo le persone in lutto da quasi 20 anni. La nostra esperienza pluriennale e la formazione continua ci permettono di fornirti una consulenza professionale e di svolgere i nostri servizi con dignit\u00e0. I nostri servizi includono funerali riverenti, rimpatri locali e internazionali e altri servizi legati alla morte. I nostri prezzi sono equi e trasparenti. Saremo lieti di fornirti un preventivo non vincolante basato sulle tue esigenze e sui tuoi desideri.     <\/p>\n","protected":false},"author":6,"featured_media":16735,"parent":0,"template":"","categories":[],"tags":[],"class_list":["post-12152","standort","type-standort","status-publish","has-post-thumbnail","hentry"],"acf":{"entitats-id":"6413829110790734521","adresse":{"zeile_1":"Industrie Neuhof 23","zeile_2":"","stadt":"Kirchberg","region":"BE","postleitzahl":"3422","iso-landercode":"CH"},"angebote":[{"titel":"Consulenza e aiuto in caso di lutto","symbol":"fas fa-cross","beschreibung":"Puoi scegliere se visitare uno dei nostri uffici di Berna, Kirchberg\/BE o Heimberg per la discussione\/consulenza sul lutto o se preferisci che veniamo da te a casa o in una casa di cura\/ospedale."},{"titel":"Vestizione, cofanatura e trasferimento","symbol":"fas fa-dice-d6","beschreibung":"Saremo lieti di vestire il defunto secondo i tuoi desideri."},{"titel":"Stendersi a casa","symbol":"fas fa-cross","beschreibung":"Oltre alla sepoltura al cimitero o al crematorio, ti offriamo la possibilit\u00e0 di far riposare il tuo caro a casa tua.\n\nQuesto ti permette di dire addio in pace e tranquillit\u00e0, indipendentemente dagli orari di apertura."},{"titel":"Formalit\u00e0 ufficiali e visite alle autorit\u00e0","symbol":"fas fa-busta-apri-testo","beschreibung":"Su tua richiesta, possiamo sollevarti dall'onere amministrativo e occuparci per te di tutte le formalit\u00e0 e le procedure amministrative."},{"titel":"Servizio funebre e sepoltura","symbol":"fas fa-cross","beschreibung":"Saremo lieti di organizzare tutto ci\u00f2 che riguarda il servizio funebre\/la dedicazione e di accompagnarti nell'ultimo viaggio verso la tomba."},{"titel":"Materiale stampato","symbol":"fas fa-busta-apri-testo","beschreibung":"Ti supportiamo nell'allestimento e nella stampa di circolari funebri e biglietti di ringraziamento e ci occupiamo di prenotare il giornale per te."},{"titel":"Trasferimenti in Svizzera e all'estero","symbol":"fas fa-truck","beschreibung":"Siamo specializzati nel rimpatrio transfrontaliero di persone decedute e, in caso di decesso all'estero, nel rimpatrio in Svizzera. All'interno della Svizzera lavoriamo generalmente con il nostro personale, mentre all'estero ci avvaliamo del supporto locale se necessario. "}],"telefon":"+41344455000","galerie":[{"ID":18067,"id":18067,"title":"3060x4080","filename":"3060x4080-scaled.avif","filesize":728895,"url":"https:\/\/bestatter.ch\/wp-content\/uploads\/2024\/01\/3060x4080-scaled.avif","link":"https:\/\/bestatter.ch\/it\/posizione\/abbetti-ag-bestattungen-kirchberg\/3060x4080-2\/","alt":"","author":"0","description":"","caption":"","name":"3060x4080-2","status":"inherit","uploaded_to":12152,"date":"2025-12-02 09:28:57","modified":"2025-12-02 09:28:57","menu_order":0,"mime_type":"image\/jpeg","type":"image","subtype":"jpeg","icon":"https:\/\/bestatter.ch\/wp-includes\/images\/media\/default.png","width":2160,"height":2880,"sizes":{"thumbnail":"https:\/\/bestatter.ch\/wp-content\/uploads\/2024\/01\/3060x4080-150x150.avif","thumbnail-width":150,"thumbnail-height":150,"medium":"https:\/\/bestatter.ch\/wp-content\/uploads\/2024\/01\/3060x4080-225x300.avif","medium-width":225,"medium-height":300,"medium_large":"https:\/\/bestatter.ch\/wp-content\/uploads\/2024\/01\/3060x4080-768x1024.avif","medium_large-width":640,"medium_large-height":853,"large":"https:\/\/bestatter.ch\/wp-content\/uploads\/2024\/01\/3060x4080-768x1024.avif","large-width":640,"large-height":853,"1536x1536":"https:\/\/bestatter.ch\/wp-content\/uploads\/2024\/01\/3060x4080-1152x1536.avif","1536x1536-width":1152,"1536x1536-height":1536,"2048x2048":"https:\/\/bestatter.ch\/wp-content\/uploads\/2024\/01\/3060x4080-1536x2048.avif","2048x2048-width":1536,"2048x2048-height":2048,"vp_sm":"https:\/\/bestatter.ch\/wp-content\/uploads\/2024\/01\/3060x4080-500x667.avif","vp_sm-width":500,"vp_sm-height":667,"vp_md":"https:\/\/bestatter.ch\/wp-content\/uploads\/2024\/01\/3060x4080-800x1067.avif","vp_md-width":800,"vp_md-height":1067,"vp_lg":"https:\/\/bestatter.ch\/wp-content\/uploads\/2024\/01\/3060x4080-1280x1707.avif","vp_lg-width":1280,"vp_lg-height":1707,"vp_xl":"https:\/\/bestatter.ch\/wp-content\/uploads\/2024\/01\/3060x4080-1920x2560.avif","vp_xl-width":1920,"vp_xl-height":2560,"vp_sm_popup":"https:\/\/bestatter.ch\/wp-content\/uploads\/2024\/01\/3060x4080-500x667.avif","vp_sm_popup-width":500,"vp_sm_popup-height":667,"vp_md_popup":"https:\/\/bestatter.ch\/wp-content\/uploads\/2024\/01\/3060x4080-800x1067.avif","vp_md_popup-width":800,"vp_md_popup-height":1067,"vp_xl_popup":"https:\/\/bestatter.ch\/wp-content\/uploads\/2024\/01\/3060x4080-1920x2560.avif","vp_xl_popup-width":1920,"vp_xl_popup-height":2560}},{"ID":19292,"id":19292,"title":"3060x4080-2","filename":"3060x4080-2-scaled.avif","filesize":605190,"url":"https:\/\/bestatter.ch\/wp-content\/uploads\/2024\/01\/3060x4080-2-scaled.avif","link":"https:\/\/bestatter.ch\/it\/posizione\/abbetti-ag-bestattungen-kirchberg\/3060x4080-2-2\/","alt":"","author":"0","description":"","caption":"","name":"3060x4080-2-2","status":"inherit","uploaded_to":12152,"date":"2025-12-03 09:50:59","modified":"2025-12-03 09:50:59","menu_order":0,"mime_type":"image\/jpeg","type":"image","subtype":"jpeg","icon":"https:\/\/bestatter.ch\/wp-includes\/images\/media\/default.png","width":2160,"height":2880,"sizes":{"thumbnail":"https:\/\/bestatter.ch\/wp-content\/uploads\/2024\/01\/3060x4080-2-150x150.avif","thumbnail-width":150,"thumbnail-height":150,"medium":"https:\/\/bestatter.ch\/wp-content\/uploads\/2024\/01\/3060x4080-2-225x300.avif","medium-width":225,"medium-height":300,"medium_large":"https:\/\/bestatter.ch\/wp-content\/uploads\/2024\/01\/3060x4080-2-768x1024.avif","medium_large-width":640,"medium_large-height":853,"large":"https:\/\/bestatter.ch\/wp-content\/uploads\/2024\/01\/3060x4080-2-768x1024.avif","large-width":640,"large-height":853,"1536x1536":"https:\/\/bestatter.ch\/wp-content\/uploads\/2024\/01\/3060x4080-2-1152x1536.avif","1536x1536-width":1152,"1536x1536-height":1536,"2048x2048":"https:\/\/bestatter.ch\/wp-content\/uploads\/2024\/01\/3060x4080-2-1536x2048.avif","2048x2048-width":1536,"2048x2048-height":2048,"vp_sm":"https:\/\/bestatter.ch\/wp-content\/uploads\/2024\/01\/3060x4080-2-500x667.avif","vp_sm-width":500,"vp_sm-height":667,"vp_md":"https:\/\/bestatter.ch\/wp-content\/uploads\/2024\/01\/3060x4080-2-800x1067.avif","vp_md-width":800,"vp_md-height":1067,"vp_lg":"https:\/\/bestatter.ch\/wp-content\/uploads\/2024\/01\/3060x4080-2-1280x1707.avif","vp_lg-width":1280,"vp_lg-height":1707,"vp_xl":"https:\/\/bestatter.ch\/wp-content\/uploads\/2024\/01\/3060x4080-2-1920x2560.avif","vp_xl-width":1920,"vp_xl-height":2560,"vp_sm_popup":"https:\/\/bestatter.ch\/wp-content\/uploads\/2024\/01\/3060x4080-2-500x667.avif","vp_sm_popup-width":500,"vp_sm_popup-height":667,"vp_md_popup":"https:\/\/bestatter.ch\/wp-content\/uploads\/2024\/01\/3060x4080-2-800x1067.avif","vp_md_popup-width":800,"vp_md_popup-height":1067,"vp_xl_popup":"https:\/\/bestatter.ch\/wp-content\/uploads\/2024\/01\/3060x4080-2-1920x2560.avif","vp_xl_popup-width":1920,"vp_xl_popup-height":2560}}],"sprachen":[{"sprache":"Deutsch"},{"sprache":"Italiano"},{"sprache":"Fran\u00e7ais"},{"sprache":"Espa\u00f1ol"},{"sprache":"English"}],"website-url":"https:\/\/www.abbetti.ch\/","fahigkeitsausweise":"","gutesiegel":false,"lieferant":false,"bestattungsvorsorge":false,"ansprechperson":{"name":"","telefonnummer":"031 381 90 60","e-mail":"info@abbetti.ch","bezeichnung":"","bestattungsvorsorge":false,"bild":false},"e-mails":[{"e-mail":"info@abbetti.ch"}],"lieferantenkategorien":false,"grundungsjahr":"2003","youtube-url":"","facebook-url":"","stadtkoordinaten":{"latitude":"47.0864542","longitude":"7.5838976"}},"_links":{"self":[{"href":"https:\/\/bestatter.ch\/it\/wp-json\/wp\/v2\/standort\/12152","targetHints":{"allow":["GET"]}}],"collection":[{"href":"https:\/\/bestatter.ch\/it\/wp-json\/wp\/v2\/standort"}],"about":[{"href":"https:\/\/bestatter.ch\/it\/wp-json\/wp\/v2\/types\/standort"}],"author":[{"embeddable":true,"href":"https:\/\/bestatter.ch\/it\/wp-json\/wp\/v2\/users\/6"}],"wp:featuredmedia":[{"embeddable":true,"href":"https:\/\/bestatter.ch\/it\/wp-json\/wp\/v2\/media\/16735"}],"wp:attachment":[{"href":"https:\/\/bestatter.ch\/it\/wp-json\/wp\/v2\/media?parent=12152"}],"wp:term":[{"taxonomy":"category","embeddable":true,"href":"https:\/\/bestatter.ch\/it\/wp-json\/wp\/v2\/categories?post=12152"},{"taxonomy":"post_tag","embeddable":true,"href":"https:\/\/bestatter.ch\/it\/wp-json\/wp\/v2\/tags?post=12152"}],"curies":[{"name":"wp","href":"https:\/\/api.w.org\/{rel}","templated":true}]}}

<p>Il nostro obiettivo è quello di dare alle persone in lutto più tempo e spazio per il loro dolore individuale. Sosteniamo le persone in lutto da quasi 20 anni. La nostra esperienza pluriennale e la formazione continua ci permettono di fornirti una consulenza professionale e di svolgere i nostri servizi con dignità. I nostri servizi includono funerali riverenti, rimpatri locali e internazionali e altri servizi legati alla morte. I nostri prezzi sono equi e trasparenti. Saremo lieti di fornirti un preventivo non vincolante basato sulle tue esigenze e sui tuoi desideri.     </p>

Oltre alla sepoltura al cimitero o al crematorio, ti offriamo la possibilità di far riposare il tuo caro a casa tua.

Questo ti permette di dire addio in pace e tranquillità, indipendentemente dagli orari di apertura.

Formalità ufficiali e visite alle autorità

Su tua richiesta, possiamo sollevarti dall'onere amministrativo e occuparci per te di tutte le formalità e le procedure amministrative.

Saremo lieti di organizzare tutto ciò che riguarda il servizio funebre/la dedicazione e di accompagnarti nell'ultimo viaggio verso la tomba.

Français

Español
