{"id":9045,"date":"2022-09-08T07:39:12","date_gmt":"2022-09-08T06:39:12","guid":{"rendered":"https:\/\/bestatterportal.ch\/standort\/famille-reese-gmbh\/"},"modified":"2025-12-22T15:04:50","modified_gmt":"2025-12-22T14:04:50","slug":"familie-reese-gmbh-munchenbuchsee","status":"publish","type":"standort","link":"https:\/\/bestatter.ch\/fr\/site\/familie-reese-gmbh-munchenbuchsee\/","title":{"rendered":"Service fun\u00e9raire de la famille Reese GmbH"},"content":{"rendered":"<p>Bienvenue chez la famille Reese GmbH. Dans les moments de deuil et de perte, nous sommes \u00e0 vos c\u00f4t\u00e9s en tant que partenaire de confiance. Nous sommes une \u00e9quipe de pompes fun\u00e8bres exp\u00e9riment\u00e9e et sensible qui veille \u00e0 ce que les fun\u00e9railles de votre \u00eatre cher se d\u00e9roulent dans la dignit\u00e9 et le respect.<\/p>\n<p>Avec nous, vous pouvez \u00eatre s\u00fbr que tout se d\u00e9roulera selon vos souhaits et vos attentes. Nous prenons le temps de r\u00e9pondre \u00e0 vos besoins et vous conseillons volontiers sur toutes les questions relatives aux obs\u00e8ques.  Nous comprenons que chaque personne est unique et m\u00e9rite un adieu personnalis\u00e9.<\/p>\n<p>Si vous \u00eates \u00e0 la recherche d&rsquo;une entreprise de pompes fun\u00e8bres exp\u00e9riment\u00e9e et de confiance, vous \u00eates au bon endroit. Contactez-nous pour une consultation sans engagement afin que nous puissions vous aider dans cette p\u00e9riode difficile. <\/p>\n","protected":false},"author":6,"featured_media":17414,"parent":0,"template":"","categories":[],"tags":[],"class_list":["post-9045","standort","type-standort","status-publish","has-post-thumbnail","hentry"],"acf":{"entitats-id":"3219","adresse":{"zeile_1":"Bernstrasse 101","zeile_2":"","stadt":"M\u00fcnchenbuchsee","region":"BE","postleitzahl":"3053","iso-landercode":"CH"},"angebote":[{"titel":"Premiers soins en cas de d\u00e9c\u00e8s \u00e0 domicile.","symbol":"fas fa-home","beschreibung":"Premiers soins en cas de d\u00e9c\u00e8s \u00e0 domicile."},{"titel":"Entretien de deuil et conseils \u00e0 votre domicile ou dans nos bureaux.","symbol":"fas fa-people-arrows","beschreibung":"Entretien de deuil et conseils \u00e0 votre domicile ou dans nos bureaux."},{"titel":"Habiller, mettre en bi\u00e8re et transporter le d\u00e9funt.","symbol":"fas fa-user-tie","beschreibung":"Habiller, mettre en bi\u00e8re et transporter le d\u00e9funt."},{"titel":"Mise en bi\u00e8re, avec fleurs et\/ou d\u00e9coration aux bougies sur demande.","symbol":"fas fa-seedling","beschreibung":"Mise en bi\u00e8re, avec fleurs et\/ou d\u00e9coration aux bougies sur demande."},{"titel":"Accomplissement de toutes les formalit\u00e9s et d\u00e9marches administratives.","symbol":"far fa-copy","beschreibung":"Accomplissement de toutes les formalit\u00e9s et d\u00e9marches administratives."},{"titel":"Organisation des c\u00e9r\u00e9monies fun\u00e9raires dans tous les domaines.","symbol":"fas fa-glass-cheers","beschreibung":"Organisation des c\u00e9r\u00e9monies fun\u00e9raires dans tous les domaines."},{"titel":"Prendre contact avec le pasteur ou l'orateur fun\u00e9raire comp\u00e9tent.","symbol":"fas fa-microphone-alt","beschreibung":"Prendre contact avec le pasteur ou l'orateur fun\u00e9raire comp\u00e9tent."},{"titel":"R\u00e9servation de l'\u00e9glise ou de la chapelle.","symbol":"fas fa-church","beschreibung":"R\u00e9servation de l'\u00e9glise ou de la chapelle."},{"titel":"Organisation de la croix fun\u00e9raire, de la pierre tombale ou de l'inscription.","symbol":"fas fa-cross","beschreibung":"Organisation de la croix fun\u00e9raire, de la pierre tombale ou de l'inscription."},{"titel":"D\u00e9coration florale au cimeti\u00e8re ou \u00e0 l'\u00e9glise.","symbol":"fas fa-leaf","beschreibung":"D\u00e9coration florale au cimeti\u00e8re ou \u00e0 l'\u00e9glise."},{"titel":"Accompagner la c\u00e9r\u00e9monie fun\u00e9raire avec l'inhumation de l'urne ou l'enterrement.","symbol":"fas fa-database","beschreibung":"Accompagner la c\u00e9r\u00e9monie fun\u00e9raire avec l'inhumation de l'urne ou l'enterrement."},{"titel":"R\u00e9daction et impression d'avis de d\u00e9c\u00e8s et de remerciements, ainsi que d'avis de d\u00e9c\u00e8s dans le journal.","symbol":"far fa-newspaper","beschreibung":"R\u00e9daction et impression d'avis de d\u00e9c\u00e8s et de remerciements, ainsi que d'avis de d\u00e9c\u00e8s dans le journal."},{"titel":"Transfert national et international, et accomplissement des formalit\u00e9s n\u00e9cessaires.","symbol":"fas fa-truck-moving","beschreibung":"Transfert national et international, et accomplissement des formalit\u00e9s n\u00e9cessaires."}],"telefon":"+41318696161","sprachen":[{"sprache":"Deutsch"},{"sprache":"English"}],"website-url":"https:\/\/reese-bestattungen.ch","fahigkeitsausweise":"Bestatter \/ Bestatterin mit eidgen\u00f6ssischem Fachausweis  Lorenz und Sarah Reese","gutesiegel":true,"lieferant":false,"bestattungsvorsorge":false,"ansprechperson":{"name":"Sarah Reese","telefonnummer":"031 869 61 61","e-mail":"bestattungsdienst.reese@bluewin.ch","bezeichnung":"Gesch\u00e4ftsinhaberin, Gesch\u00e4ftsleiterin, Bestatterin und Trauerrednerin","bestattungsvorsorge":false,"bild":false},"e-mails":[{"e-mail":"bestattungsdienst.reese@bluewin.ch"}],"lieferantenkategorien":false,"grundungsjahr":"1997","youtube-url":"","facebook-url":"","stadtkoordinaten":{"latitude":"47.021621","longitude":"7.450367"}},"_links":{"self":[{"href":"https:\/\/bestatter.ch\/fr\/wp-json\/wp\/v2\/standort\/9045","targetHints":{"allow":["GET"]}}],"collection":[{"href":"https:\/\/bestatter.ch\/fr\/wp-json\/wp\/v2\/standort"}],"about":[{"href":"https:\/\/bestatter.ch\/fr\/wp-json\/wp\/v2\/types\/standort"}],"author":[{"embeddable":true,"href":"https:\/\/bestatter.ch\/fr\/wp-json\/wp\/v2\/users\/6"}],"wp:featuredmedia":[{"embeddable":true,"href":"https:\/\/bestatter.ch\/fr\/wp-json\/wp\/v2\/media\/17414"}],"wp:attachment":[{"href":"https:\/\/bestatter.ch\/fr\/wp-json\/wp\/v2\/media?parent=9045"}],"wp:term":[{"taxonomy":"category","embeddable":true,"href":"https:\/\/bestatter.ch\/fr\/wp-json\/wp\/v2\/categories?post=9045"},{"taxonomy":"post_tag","embeddable":true,"href":"https:\/\/bestatter.ch\/fr\/wp-json\/wp\/v2\/tags?post=9045"}],"curies":[{"name":"wp","href":"https:\/\/api.w.org\/{rel}","templated":true}]}}

Service funéraire de la famille Reese GmbH

<p>Bienvenue chez la famille Reese GmbH. Dans les moments de deuil et de perte, nous sommes à vos côtés en tant que partenaire de confiance. Nous sommes une équipe de pompes funèbres expérimentée et sensible qui veille à ce que les funérailles de votre être cher se déroulent dans la dignité et le respect.</p>
<p>Avec nous, vous pouvez être sûr que tout se déroulera selon vos souhaits et vos attentes. Nous prenons le temps de répondre à vos besoins et vous conseillons volontiers sur toutes les questions relatives aux obsèques.  Nous comprenons que chaque personne est unique et mérite un adieu personnalisé.</p>
<p>Si vous êtes à la recherche d&rsquo;une entreprise de pompes funèbres expérimentée et de confiance, vous êtes au bon endroit. Contactez-nous pour une consultation sans engagement afin que nous puissions vous aider dans cette période difficile. </p>

Münchenbuchsee

Premiers soins en cas de décès à domicile.

Entretien de deuil et conseils à votre domicile ou dans nos bureaux.

Habiller, mettre en bière et transporter le défunt.

Mise en bière, avec fleurs et/ou décoration aux bougies sur demande.

Accomplissement de toutes les formalités et démarches administratives.

Organisation des cérémonies funéraires dans tous les domaines.

Prendre contact avec le pasteur ou l'orateur funéraire compétent.

Réservation de l'église ou de la chapelle.

Organisation de la croix funéraire, de la pierre tombale ou de l'inscription.

Décoration florale au cimetière ou à l'église.

Accompagner la cérémonie funéraire avec l'inhumation de l'urne ou l'enterrement.

Rédaction et impression d'avis de décès et de remerciements, ainsi que d'avis de décès dans le journal.

Transfert national et international, et accomplissement des formalités nécessaires.

Bestatter / Bestatterin mit eidgenössischem Fachausweis  Lorenz und Sarah Reese

Geschäftsinhaberin, Geschäftsleiterin, Bestatterin und Trauerrednerin
